What is the hundreds digit of 2269?
2
What is the units digit of 3432?
2
What is the tens digit of 18984?
8
What is the tens digit of 8130?
3
What is the tens digit of 719?
1
What is the units digit of 3800?
0
What is the tens digit of 23381?
8
What is the tens digit of 19154?
5
What is the thousands digit of 17802?
7
What is the tens digit of 3443?
4
What is the units digit of 190?
0
What is the hundreds digit of 79489?
4
What is the thousands digit of 3489?
3
What is the thousands digit of 1116?
1
What is the units digit of 46127?
7
What is the tens digit of 7903?
0
What is the units digit of 61803?
3
What is the thousands digit of 59804?
9
What is the ten thousands digit of 19328?
1
What is the units digit of 30413?
3
What is the hundreds digit of 8454?
4
What is the tens digit of 393?
9
What is the units digit of 64936?
6
What is the tens digit of 3748?
4
What is the hundreds digit of 9853?
8
What is the tens digit of 5807?
0
What is the units digit of 26153?
3
What is the tens digit of 5037?
3
What is the thousands digit of 167064?
7
What is the tens digit of 5203?
0
What is the tens digit of 361?
6
What is the tens digit of 4326?
2
What is the tens digit of 761?
6
What is the units digit of 835?
5
What is the tens digit of 12111?
1
What is the units digit of 2748?
8
What is the units digit of 28?
8
What is the tens digit of 97917?
1
What is the tens digit of 33498?
9
What is the hundreds digit of 8281?
2
What is the units digit of 1216?
6
What is the tens digit of 5197?
9
What is the hundreds digit of 2701?
7
What is the hundreds digit of 5716?
7
What is the units digit of 2002?
2
What is the tens digit of 496?
9
What is the tens digit of 6361?
6
What is the hundreds digit of 885?
8
What is the hundreds digit of 954?
9
What is the units digit of 1654?
4
What is the units digit of 183?
3
What is the units digit of 80?
0
What is the thousands digit of 33599?
3
What is the thousands digit of 1995?
1
What is the thousands digit of 16449?
6
What is the units digit of 16222?
2
What is the thousands digit of 1422?
1
What is the units digit of 1454?
4
What is the units digit of 78137?
7
What is the hundreds digit of 1794?
7
What is the hundreds digit of 4200?
2
What is the units digit of 3192?
2
What is the hundreds digit of 1874?
8
What is the ten thousands digit of 14258?
1
What is the units digit of 1273?
3
What is the thousands digit of 1820?
1
What is the tens digit of 832?
3
What is the units digit of 1295?
5
What is the tens digit of 3403?
0
What is the hundreds digit of 5569?
5
What is the thousands digit of 45884?
5
What is the units digit of 35092?
2
What is the ten thousands digit of 62012?
6
What is the hundreds digit of 10114?
1
What is the tens digit of 29494?
9
What is the tens digit of 140?
4
What is the thousands digit of 35267?
5
What is the units digit of 1415?
5
What is the tens digit of 8181?
8
What is the units digit of 842?
2
What is the hundreds digit of 553?
5
What is the tens digit of 695?
9
What is the ten thousands digit of 17833?
1
What is the hundreds digit of 1611?
6
What is the ten thousands digit of 50582?
5
What is the tens digit of 17031?
3
What is the ten thousands digit of 116009?
1
What is the units digit of 75837?
7
What is the hundreds digit of 43295?
2
What is the units digit of 26802?
2
What is the units digit of 12993?
3
What is the units digit of 7002?
2
What is the units digit of 2059?
9
What is the hundreds digit of 427?
4
What is the hundreds digit of 87067?
0
What is the units digit of 8881?
1
What is the hundreds digit of 46087?
0
What is the ten thousands digit of 53366?
5
What is the hundreds digit of 31272?
2
What is the tens digit of 4012?
1
What is the tens digit of 2253?
5
What is the tens digit of 22044?
4
What is the hundreds digit of 6395?
3
What is the thousands digit of 7747?
7
What is the units digit of 23033?
3
What is the tens digit of 1007?
0
What is the units digit of 1248?
8
What is the thousands digit of 1223?
1
What is the hundreds digit of 1758?
7
What is the hundreds digit of 1896?
8
What is the hundreds digit of 7785?
7
What is the tens digit of 8972?
7
What is the hundreds digit of 4334?
3
What is the units digit of 131335?
5
What is the units digit of 4946?
6
What is the hundreds digit of 8516?
5
What is the units digit of 51?
1
What is the hundreds digit of 1961?
9
What is the hundreds digit of 2374?
3
What is the units digit of 86488?
8
What is the tens digit of 3526?
2
What is the tens digit of 24783?
8
What is the tens digit of 40000?
0
What is the thousands digit of 18321?
8
What is the tens digit of 2724?
2
What is the tens digit of 1346?
4
What is the hundreds digit of 533?
5
What is the tens digit of 2210?
1
What is the thousands digit of 4295?
4
What is the thousands digit of 1038?
1
What is the units digit of 47332?
2
What is the units digit of 3742?
2
What is the tens digit of 171?
7
What is the tens digit of 856?
5
What is the hundreds digit of 823?
8
What is the hundreds digit of 2292?
2
What is the ten thousands digit of 40722?
4
What is the tens digit of 8440?
4
What is the tens digit of 18999?
9
What is the tens digit of 60?
6
What is the units digit of 438?
8
What is the hundreds digit of 19406?
4
What is the tens digit of 31562?
6
What is the tens digit of 46?
4
What is the thousands digit of 7642?
7
What is the units digit of 611?
1
What is the hundreds digit of 1565?
5
What is the units digit of 3863?
3
What is the hundreds digit of 27898?
8
What is the tens digit of 1088?
8
What is the thousands digit of 7135?
7
What is the ten thousands digit of 76003?
7
What is the hundreds digit of 3933?
9
What is the hundreds digit of 733?
7
What is the tens digit of 1667?
6
What is the hundreds digit of 1655?
6
What is the tens digit of 7254?
5
What is the hundreds digit of 34209?
2
What is the tens digit of 68?
6
What is the tens digit of 18175?
7
What is the units digit of 3058?
8
What is the units digit of 22?
2
What is the units digit of 1013?
3
What is the units digit of 20055?
5
What is the ten thousands digit of 29168?
2
What is the hundreds digit of 8518?
5
What is the tens digit of 121?
2
What is the tens digit of 15880?
8
What is the thousands digit of 5764?
5
What is the tens digit of 6502?
0
What is the units digit of 633?
3
What is the hundreds digit of 6645?
6
What is the tens digit of 1693?
9
What is the hundreds digit of 18624?
6
What is the hundreds digit of 371?
3
What is the units digit of 4938?
8
What is the units digit of 965?
5
What is the thousands digit of 14154?
4
What is the tens digit of 2510?
1
What is the tens digit of 2379?
7
What is the units digit of 1484?
4
What is the hundreds digit of 410?
4
What is the thousands digit of 94824?
4
What is the units digit of 64800?
0
What is the hundreds digit of 647?
6
What is the hundreds digit of 106065?
0
What is the tens digit of 38531?
3
What is the units digit of 2182?
2
What is the units digit of 1898?
8
What is the units digit of 3646?
6
What is the hundreds digit of 557?
5
What is the tens digit of 130?
3
What is the units digit of 4241?
1
What is the tens digit of 10454?
5
What is the hundreds digit of 5002?
0
What is the tens digit of 1885?
8
What is the tens digit of 2427?
2
What is the tens digit of 10444?
4
What is the thousands digit of 23764?
3
What is the thousands digit of 40986?
0
What is the tens digit of 1779?
7
What is the thousands digit of 48071?
8
What is the thousands digit of 1308?
1
What is the ten thousands digit of 50366?
5
What is the ten thousands digit of 51231?
5
What is the tens digit of 13499?
9
What is the hundreds digit of 8278?
2
What is the units digit of 108?
8
What is the units digit of 438?
8
What is the tens digit of 27359?
5
What is the hundreds digit of 360?
3
What is the tens digit of 514?
1
What is the units digit of 10446?
6
What is the hundreds digit of 789?
7
What is the units digit of 29059?
9
What is the thousands digit of 1572?
1
What is the units digit of 10510?
0
What is the thousands digit of 87016?
7
What is the units digit of 68666?
6
What is the hundreds digit of 950?
9
What is the thousands digit of 28749?
8
What is the hundreds digit of 2857?
8
What is the tens digit of 878?
7
What is the ten thousands digit of 15628?
1
What is the